 a multiple of 69?
False
Is 10 a factor of 3570?
True
Is 17 a factor of 3944?
True
Is 149 a factor of 15691?
False
Is 12738 a multiple of 48?
False
Does 9 divide 126?
True
Is 37 a factor of 47?
False
Is 760 a multiple of 48?
False
Is 35614 a multiple of 38?
False
Is 408 a multiple of 20?
False
Does 12 divide 586?
False
Does 17 divide 240?
False
Is 205 a multiple of 5?
True
Is 25047 a multiple of 207?
True
Is 64 a factor of 4992?
True
Is 1368 a multiple of 9?
True
Is 6612 a multiple of 6?
True
Is 29 a factor of 7825?
False
Is 368 a multiple of 16?
True
Does 11 divide 1606?
True
Does 65 divide 15925?
True
Is 9860 a multiple of 76?
False
Is 1295 a multiple of 59?
False
Is 5483 a multiple of 27?
False
Is 129 a factor of 36884?
False
Does 72 divide 864?
True
Does 58 divide 1337?
False
Does 6 divide 1980?
True
Does 9 divide 826?
False
Is 74 a factor of 1628?
True
Does 12 divide 95573?
False
Does 7 divide 56?
True
Is 494 a multiple of 38?
True
Does 13 divide 6855?
False
Is 5051 a multiple of 4?
False
Is 34689 a multiple of 127?
False
Does 30 divide 607?
False
Does 16 divide 35008?
True
Is 4 a factor of 196?
True
Is 13 a factor of 24?
False
Is 22 a factor of 2816?
True
Does 42 divide 1122?
False
Is 55315 a multiple of 13?
True
Is 20610 a multiple of 61?
False
Does 8 divide 2272?
True
Does 156 divide 54288?
True
Does 46 divide 2512?
False
Is 118 a factor of 696?
False
Does 43 divide 567?
False
Does 36 divide 7848?
True
Is 15 a factor of 2040?
True
Is 14531 a multiple of 11?
True
Is 21 a factor of 798?
True
Does 47 divide 3867?
False
Is 25 a factor of 1000?
True
Does 168 divide 17304?
True
Does 104 divide 1352?
True
Does 5 divide 16495?
True
Is 4134 a multiple of 5?
False
Is 29 a factor of 867?
False
Does 234 divide 21848?
False
Is 25 a factor of 16825?
True
Is 10 a factor of 6140?
True
Is 11223 a multiple of 43?
True
Is 3 a factor of 1097?
False
Is 23 a factor of 20861?
True
Is 5335 a multiple of 97?
True
Does 21 divide 42?
True
Is 1687 a multiple of 6?
False
Is 36582 a multiple of 67?
True
Is 39 a factor of 1410?
False
Does 81 divide 1483?
False
Does 201 divide 60982?
False
Is 15 a factor of 675?
True
Does 2 divide 5079?
False
Is 13 a factor of 219?
False
Does 12 divide 7364?
False
Is 103103 a multiple of 143?
True
Is 4541 a multiple of 19?
True
Is 342 a multiple of 19?
True
Is 16 a factor of 663?
False
Does 5 divide 6364?
False
Does 26 divide 30366?
False
Is 11 a factor of 484?
True
Is 965 a multiple of 11?
False
Is 70 a factor of 17220?
True
Does 10 divide 567?
False
Is 13 a factor of 27819?
False
Is 34 a factor of 5440?
True
Is 34 a factor of 4658?
True
Does 68 divide 9860?
True
Is 34 a factor of 884?
True
Does 53 divide 20087?
True
Is 672 a multiple of 32?
True
Is 127056 a multiple of 422?
False
Does 26 divide 20410?
True
Is 18 a factor of 21420?
True
Is 6 a factor of 8166?
True
Is 658 a multiple of 50?
False
Is 726 a multiple of 66?
True
Does 32 divide 1408?
True
Is 880 a multiple of 13?
False
Is 1204 a multiple of 7?
True
Is 11 a factor of 1936?
True
Is 8 a factor of 106296?
True
Does 102 divide 510?
True
Is 11970 a multiple of 45?
True
Is 1159 a multiple of 14?
False
Does 15 divide 4496?
False
Is 29 a factor of 5365?
True
Does 24 divide 336?
True
Is 7 a factor of 9310?
True
Is 4286 a multiple of 38?
False
Is 167 a multiple of 51?
False
Does 210 divide 91512?
False
Does 12 divide 2304?
True
Does 8 divide 308?
False
Is 10 a factor of 58150?
True
Does 29 divide 2175?
True
Is 878 a multiple of 10?
False
Is 60 a factor of 1165?
False
Is 37 a factor of 6068?
True
Is 21 a factor of 410?
False
Is 63 a factor of 6376?
False
Is 89 a factor of 1424?
True
Does 7 divide 5726?
True
Is 3 a factor of 2909?
False
Does 56 divide 26106?
False
Is 4872 a multiple of 4?
True
Is 648 a multiple of 108?
True
Is 2889 a multiple of 9?
True
Is 3418 a multiple of 12?
False
Does 34 divide 62?
False
Is 54 a factor of 641?
False
Does 227 divide 6069?
False
Does 3 divide 16?
False
Does 16 divide 912?
True
Is 38 a factor of 4674?
True
Is 12 a factor of 115104?
True
Does 34 divide 2388?
False
Is 1193 a multiple of 2?
False
Is 12 a factor of 5592?
True
Is 26 a factor of 1905?
False
Is 27 a factor of 5271?
False
Is 11 a factor of 4918?
False
Is 35 a factor of 910?
True
Does 54 divide 250?
False
Does 8 divide 892?
False
Is 74 a factor of 2590?
True
Does 74 divide 5698?
True
Is 684 a multiple of 19?
True
Is 2 a factor of 4876?
True
Is 6 a factor of 211?
False
Is 3940 a multiple of 83?
False
Is 6 a factor of 7?
False
Is 17 a factor of 3317?
False
Is 39 a factor of 973?
False
Is 412 a multiple of 7?
False
Does 32 divide 1450?
False
Is 5 a factor of 227?
False
Is 2642 a multiple of 8?
False
Does 13 divide 1649?
False
Is 34 a factor of 34?
True
Is 10332 a multiple of 28?
True
Does 49 divide 294?
True
Is 16 a factor of 1216?
True
Does 20 divide 1642?
False
Does 9 divide 11145?
False
Is 9 a factor of 542?
False
Is 22 a factor of 827?
False
Does 7 divide 16359?
True
Is 76 a factor of 17100?
True
Does 20 divide 109?
False
Is 4 a factor of 136?
True
Is 890 a multiple of 5?
True
Does 3 divide 585?
True
Does 30 divide 300?
True
Is 7939 a multiple of 17?
True
Is 13450 a multiple of 66?
False
Does 121 divide 23802?
False
Does 3 divide 4247?
False
Is 6639 a multiple of 33?
False
Is 795 a multiple of 16?
False
Is 45 a factor of 4050?
True
Is 4051 a multiple of 23?
False
Is 12 a factor of 572?
False
Is 13 a factor of 1342?
False
Does 33 divide 23661?
True
Is 55 a factor of 385?
True
Is 650 a multiple of 15?
False
Is 18 a factor of 216?
True
Is 1412 a multiple of 4?
True
Is 76 a factor of 74176?
True
Is 143 a multiple of 14?
False
Is 1632 a multiple of 16?
True
Is 3 a factor of 726?
True
Is 6138 a multiple of 88?
False
Is 1805 a multiple of 19?
True
Is 16828 a multiple of 14?
True
Is 3139 even?
False
Is 90 a multiple of 3?
True
Is 19 a factor of 52409?
False
Is 61083 a multiple of 179?
False
Is 16 a factor of 6307?
False
Does 14 divide 3640?
True
Does 81 divide 81?
True
Does 62 divide 2418?
True
Does 22 divide 990?
True
Is 1450 a multiple of 25?
True
Is 40 a multiple of 4?
True
Is 17 a factor of 9418?
True
Is 140 a multiple of 20?
True
Is 7 a factor of 6055?
True
Does 74 divide 10286?
True
Is 5 a factor of 2310?
True
Is 2 a factor of 3614?
True
Is 91 a factor of 16471?
True
Is 13 a factor of 143?
True
Is 20 a factor of 500?
True
Is 4 a factor of 48?
True
Does 132 divide 4224?
True
Is 42 a factor of 9954?
True
Is 35016 a multiple of 4?
True
Does 52 divide 9322?
False
Is 30 a factor of 480?
True
Is 32283 a multiple of 17?
True
Is 12 a factor of 205?
False
Is 267 a multiple of 22?
False
Is 54 a factor of 26777?
False
Is 10 a factor of 7688?
False
Is 32 a factor of 480?
True
Is 643 a multiple of 43?
False
Does 16 divide 16?
True
Does 68 divide 744?
False
Is 16672 a multiple of 86?
False
Does 10 divide 100?
True
Is 33 a factor of 1576?
False
Is 34 a factor of 1597?
False
Is 23529 a multiple of 148?
False
Does 7 divide 2434?
False
Is 83 a multiple of 64?
False
Does 5 divide 314?
False
Does 59 divide 5501?
False
Is 284 a factor of 20487?
False
Is 12084 a multiple of 76?
True
Is 308 a multiple of 14?
True
Is 6315 a multiple of 30?
False
Does 113 divide 4520?
True
Does 14 divide 5642?
True
Is 16 a factor of 1008?
True
Does 73 divide 14061?
False
Is 8 a factor of 312?
True
Is 46840 a multiple of 14?
False
Does 64 divide 64?
True
Is 2 a factor of 652?
True
Does 53 divide 386?
False
Is 320 a multiple of 4?
True
Is 3168 a multiple of 144?
True
Is 6 a factor of 147?
False
Is 7020 a multiple of 26?
True
Is 2460 a multiple of 12?
True
Is 340 a factor of 35575?
False
Is 7 a factor of 1221?
False
Does 28 divide 646?
False
Is 137 a factor of 4658?
True
Is 23 a factor of 23770?
False
Is 4182 a multiple of 123?
True
Does 8 divide 9037?
False
Is 11082 a multiple of 14?
False
Is 25432 a multiple of 68?
True
Is 3 a factor of 128?
False
Is 198 a multiple of 18?
True
Is 565 a multiple of 6?
False
Is 108 a factor of 24840?
True
Is 7 a factor of 679?
True
Is 57240 a multiple of 159?
True
Does 5 divide 853?
False
Is 8 a factor of 5344?
True
Is 19 a factor of 20092?
False
Is 260 a multiple of 10?
True
Is 447 a multiple of 26?
False
Does 7 divide 465?
False
Does 8 divide 2457?
False
Is 22276 a multiple of 70?
False
Is 3161 a